s 235 divide 1485551?
False
Is 24 a factor of 44186664?
True
Does 32 divide 16047999?
False
Is 3227943 a multiple of 51?
True
Does 655 divide 6814828?
False
Is 133 a factor of 970693717?
True
Is 89375070 a multiple of 43?
True
Is 3 a factor of 91202345?
False
Is 1070310396 a multiple of 7?
False
Is 146 a factor of 340020373?
False
Does 40 divide 119800560?
True
Does 35 divide 181789144?
False
Is 21 a factor of 382840332?
True
Is 939961703 a multiple of 1591?
False
Is 32 a factor of 96428437?
False
Does 978 divide 201065064?
True
Is 90 a factor of 72577260?
True
Does 1235 divide 53588371?
False
Does 144 divide 102116736?
True
Does 3914 divide 727661812?
False
Is 14 a factor of 5490576?
True
Is 78573356 a multiple of 195?
False
Does 520 divide 62826157?
False
Does 246 divide 419874768?
True
Is 32671541 a multiple of 168?
False
Is 135 a factor of 34413390?
True
Is 574789082 a multiple of 66?
False
Is 3964 a factor of 177363911?
False
Does 3436 divide 324332361?
False
Does 219 divide 417539692?
False
Does 23 divide 2855523299?
False
Is 166473357 a multiple of 236?
False
Is 166 a factor of 18133674?
True
Does 197 divide 1046865486?
True
Is 414 a factor of 857934678?
False
Is 32593768 a multiple of 514?
True
Is 683 a factor of 38182432?
True
Is 266170928 a multiple of 99?
False
Is 47 a factor of 1780696172?
False
Does 1338 divide 136249028?
False
Is 17176236 a multiple of 231?
True
Is 32882803 a multiple of 350?
False
Is 19757115 a multiple of 139?
False
Does 481 divide 171898434?
False
Does 9 divide 1183763726?
False
Is 4433 a factor of 72331774?
False
Is 127 a factor of 198442199?
True
Is 1918 a factor of 34183173?
False
Does 79 divide 35550310?
False
Is 329 a factor of 34660150?
True
Is 838 a factor of 26726334?
True
Is 2849 a factor of 435694778?
False
Is 1392499725 a multiple of 15?
True
Does 52 divide 40731496?
True
Is 1992 a factor of 209422944?
True
Is 97 a factor of 75630923?
False
Is 56 a factor of 846482?
False
Does 25 divide 23560800?
True
Is 2321430450 a multiple of 30?
True
Is 289 a factor of 28020862?
True
Does 6 divide 143207026?
False
Is 11326 a factor of 2822563611?
False
Does 2776 divide 196089991?
False
Is 10120600 a multiple of 5?
True
Is 79 a factor of 378778652?
False
Is 55466271 a multiple of 9?
True
Is 709 a factor of 3362983717?
False
Is 747754 even?
True
Does 174 divide 58760518?
False
Is 6 a factor of 38484090?
True
Is 99292489 a multiple of 38?
False
Is 513845472 a multiple of 5432?
True
Is 12279677 a multiple of 11?
False
Is 37399438 a multiple of 8?
False
Is 62699301 a multiple of 27?
False
Is 45 a factor of 1425521295?
True
Does 1870 divide 636802615?
False
Does 406 divide 35902992?
False
Does 59 divide 381556776?
True
Does 3 divide 16737186?
True
Is 18303936 a multiple of 9?
False
Is 806 a factor of 12042502?
False
Does 6 divide 143455078?
False
Is 685207600 a multiple of 440?
True
Is 50 a factor of 186311600?
True
Is 1178777390 a multiple of 47?
True
Is 2547 a factor of 278007597?
True
Is 111073676 a multiple of 1087?
False
Is 8 a factor of 209341981?
False
Is 158 a factor of 173283814?
True
Is 21565983 a multiple of 2?
False
Is 2425 a factor of 70389425?
False
Is 1104 a factor of 4916112?
True
Does 2 divide 4025647?
False
Is 7 a factor of 6908256?
False
Does 12 divide 95177808?
True
Is 19314074 a multiple of 962?
True
Does 212 divide 73823410?
False
Does 2752 divide 215422093?
False
Is 1348 a factor of 27208179?
False
Does 436 divide 11840452?
True
Is 33 a factor of 827421807?
False
Is 54925680 a multiple of 655?
True
Is 368482219 a multiple of 48?
False
Is 19869920 a multiple of 226?
True
Is 199 a factor of 447412289?
False
Is 2517 a factor of 1326549612?
True
Is 9726342 a multiple of 6?
True
Is 27 a factor of 174377993?
False
Is 128143534 a multiple of 26?
False
Is 662 a factor of 3335818?
True
Is 2494 a factor of 418576166?
False
Is 118103300 a multiple of 25?
True
Is 313 a factor of 502841826?
False
Is 2884 a factor of 52970428?
True
Does 22 divide 236434483?
False
Is 73746138 a multiple of 71?
True
Does 293 divide 27543172?
True
Does 2 divide 195834?
True
Is 193728934 a multiple of 218?
False
Is 120560175 a multiple of 3225?
True
Is 233 a factor of 1266420240?
True
Is 7 a factor of 1798864?
False
Is 29 a factor of 133895494?
True
Is 549 a factor of 8461737?
True
Is 819016430 a multiple of 1171?
False
Is 93 a factor of 778329183?
True
Does 85 divide 74800765?
True
Is 444 a factor of 75803868?
False
Is 146 a factor of 44855639?
False
Does 373 divide 4330157?
True
Is 545 a factor of 60598724?
False
Is 250737485 a multiple of 19?
False
Is 386 a factor of 49672796?
True
Does 132 divide 114373030?
False
Is 283 a factor of 458438297?
False
Does 49 divide 85242183?
False
Is 62621924 a multiple of 63?
False
Does 888 divide 20416008?
True
Is 59 a factor of 3336178069?
True
Does 1498 divide 741734700?
True
Does 10 divide 2817328228?
False
Does 30 divide 21156188?
False
Does 900 divide 259225064?
False
Is 284698482 a multiple of 354?
True
Does 14 divide 22973078?
False
Is 396715881 a multiple of 597?
False
Is 890630911 a multiple of 58?
False
Is 404 a factor of 308890320?
True
Is 464290308 a multiple of 4?
True
Is 1565919748 a multiple of 9289?
False
Is 10152400 a multiple of 68?
True
Does 24 divide 41927840?
False
Does 3 divide 184568318?
False
Is 13 a factor of 3872089?
True
Is 8974503 a multiple of 1647?
True
Does 6 divide 594451228?
False
Does 107 divide 147989881?
True
Is 6496 a factor of 7931616?
True
Is 671 a factor of 101791371?
True
Is 39422961 a multiple of 360?
False
Is 1226 a factor of 15033212?
True
Is 11334547 a multiple of 62?
False
Is 23742276 a multiple of 93?
False
Does 3643 divide 1860880830?
True
Is 8 a factor of 11963304?
True
Is 121 a factor of 206983084?
True
Is 79871274 a multiple of 822?
True
Is 2342735 a multiple of 131?
False
Is 263049086 a multiple of 724?
False
Does 92 divide 102983849?
False
Does 19 divide 4648103?
True
Does 86 divide 710021631?
False
Is 2463 a factor of 156495033?
False
Does 514 divide 130065644?
True
Is 2152291 a multiple of 2?
False
Does 1996 divide 211320512?
True
Is 159223239 a multiple of 10?
False
Does 53 divide 97603270?
False
Does 1173 divide 9333995?
False
Is 324834500 a multiple of 3?
False
Is 2351 a factor of 1723492239?
True
Is 12281571 a multiple of 591?
True
Does 8 divide 139086387?
False
Does 465 divide 90686160?
True
Is 5074 a factor of 184830598?
True
Is 5176 a factor of 103892672?
True
Is 156 a factor of 6419367?
False
Is 2671805960 a multiple of 9382?
True
Does 970 divide 1158866856?
False
Is 15976324 a multiple of 69?
False
Is 33561195 a multiple of 231?
False
Is 1612 a factor of 4695756?
True
Is 1166570481 a multiple of 825?
False
Is 14 a factor of 1414709002?
True
Does 345 divide 44875460?
False
Is 267 a factor of 1544595?
True
Does 1521 divide 33662772?
True
Is 35467389 a multiple of 731?
True
Is 317135127 a multiple of 29?
False
Does 1381 divide 5486713?
True
Is 13977795 a multiple of 559?
True
Does 5 divide 317036466?
False
Is 11411608 a multiple of 2452?
True
Is 5 a factor of 331714685?
True
Is 19320713 a multiple of 24?
False
Is 102 a factor of 12022692?
False
Is 19499925 a multiple of 2?
False
Does 5 divide 36482544?
False
Is 5993172 a multiple of 1803?
True
Is 332614656 a multiple of 136?
True
Is 1181351482 a multiple of 3416?
False
Is 333668100 a multiple of 3945?
True
Is 5509 a factor of 803476632?
True
Is 617935608 a multiple of 978?
True
Does 37 divide 171168066?
False
Does 79 divide 329781155?
True
Is 18 a factor of 386324752?
False
Is 71077259 a multiple of 1271?
False
Is 295 a factor of 71096371?
False
Is 153914566 a multiple of 13?
True
Is 229073269 a multiple of 273?
False
Is 391 a factor of 14649597?
True
Is 26 a factor of 223966080?
True
Is 1116 a factor of 8528760?
False
Is 17234535 a multiple of 7?
False
Is 16 a factor of 1410451520?
True
Is 97 a factor of 27669056?
True
Is 124649415 a multiple of 15?
True
Does 835 divide 1646374510?
True
Is 1850 a factor of 44086608?
False
Is 2050 a factor of 2055317093?
False
Is 105765955 a multiple of 64?
False
Is 44 a factor of 608176476?
False
Is 4119 a factor of 1476916245?
False
Is 58075785 a multiple of 2115?
True
Does 50 divide 36023650?
True
Is 441 a factor of 1964493?
False
Does 13 di